ided by 123?
119
Calculate the remainder when 10662750 is divided by 4042.
3996
What is the remainder when 27413092 is divided by 396?
388
Calculate the remainder when 2445747 is divided by 2379.
135
What is the remainder when 130176 is divided by 5652?
180
Calculate the remainder when 54226677 is divided by 6084.
6069
Calculate the remainder when 180559 is divided by 180024.
535
Calculate the remainder when 18349426 is divided by 271.
16
What is the remainder when 42884879 is divided by 21442438?
3
What is the remainder when 120145533 is divided by 60072758?
17
Calculate the remainder when 8027996 is divided by 143.
119
What is the remainder when 82885 is divided by 40976?
933
What is the remainder when 124267 is divided by 41392?
91
Calculate the remainder when 200035 is divided by 95.
60
Calculate the remainder when 4717502 is divided by 16848.
62
Calculate the remainder when 254715530 is divided by 127357765.
0
Calculate the remainder when 170314 is divided by 21236.
426
What is the remainder when 862577 is divided by 61?
37
Calculate the remainder when 77084 is divided by 1512.
1484
Calculate the remainder when 135665604 is divided by 212642.
8
What is the remainder when 5078853 is divided by 1549?
1231
What is the remainder when 1168535 is divided by 3832?
3607
What is the remainder when 3770058 is divided by 284?
242
Calculate the remainder when 369458 is divided by 6621.
5303
What is the remainder when 19772567 is divided by 9617?
15
What is the remainder when 3467794 is divided by 35?
29
What is the remainder when 8436589 is divided by 2812189?
22
What is the remainder when 3326084 is divided by 1108694?
2
Calculate the remainder when 153482 is divided by 21832.
658
What is the remainder when 80402 is divided by 1665?
482
Calculate the remainder when 252420476 is divided by 520.
516
What is the remainder when 423549 is divided by 674?
277
What is the remainder when 297017 is divided by 148457?
103
What is the remainder when 181166 is divided by 90431?
304
Calculate the remainder when 36161702 is divided by 18080823.
56
Calculate the remainder when 1728207148 is divided by 2175.
2173
What is the remainder when 10540 is divided by 4007?
2526
What is the remainder when 1209647 is divided by 477?
452
What is the remainder when 4637659 is divided by 356735?
104
What is the remainder when 16362673 is divided by 8430?
43
Calculate the remainder when 5297614 is divided by 5373.
5209
What is the remainder when 2394436 is divided by 4790?
4226
Calculate the remainder when 198815 is divided by 405.
365
Calculate the remainder when 191483 is divided by 8558.
3207
Calculate the remainder when 217864 is divided by 27225.
64
Calculate the remainder when 789454 is divided by 114.
4
Calculate the remainder when 63884057 is divided by 2818.
2815
Calculate the remainder when 681619 is divided by 85162.
323
Calculate the remainder when 10185 is divided by 379.
331
Calculate the remainder when 216629 is divided by 238.
49
What is the remainder when 817185 is divided by 29098?
2441
Calculate the remainder when 214110 is divided by 252.
162
Calculate the remainder when 2190159 is divided by 365023.
21
What is the remainder when 26342 is divided by 13149?
44
What is the remainder when 85577954 is divided by 71?
21
What is the remainder when 190915 is divided by 63623?
46
Calculate the remainder when 78369 is divided by 496.
1
What is the remainder when 12868167 is divided by 11?
4
Calculate the remainder when 179468 is divided by 206.
42
Calculate the remainder when 7145442 is divided by 362.
286
Calculate the remainder when 212993 is divided by 869.
88
Calculate the remainder when 7671761 is divided by 225640.
1
What is the remainder when 210254 is divided by 18992?
1342
What is the remainder when 9088499 is divided by 91803?
2
What is the remainder when 9977835 is divided by 1710?
1695
What is the remainder when 106275 is divided by 8143?
416
Calculate the remainder when 19188 is divided by 18434.
754
What is the remainder when 1555008 is divided by 112?
0
Calculate the remainder when 25285 is divided by 2814.
2773
Calculate the remainder when 3533483 is divided by 4242.
4139
What is the remainder when 7506161 is divided by 6421?
12
Calculate the remainder when 8697149 is divided by 202259.
12
What is the remainder when 7482511 is divided by 166?
61
Calculate the remainder when 201886 is divided by 22241.
1717
Calculate the remainder when 153911801 is divided by 333865.
36
Calculate the remainder when 1073488 is divided by 2324.
2124
Calculate the remainder when 18100 is divided by 1351.
537
Calculate the remainder when 13853699 is divided by 1350.
1349
What is the remainder when 30124886 is divided by 13582?
10
Calculate the remainder when 3163028 is divided by 197.
193
What is the remainder when 1033940 is divided by 129?
5
What is the remainder when 357412 is divided by 545?
437
Calculate the remainder when 2741046 is divided by 2463.
2190
Calculate the remainder when 469052223 is divided by 53.
50
What is the remainder when 12401033 is divided by 3804?
3797
Calculate the remainder when 115989444 is divided by 403.
402
Calculate the remainder when 13127448 is divided by 468.
48
What is the remainder when 27796407 is divided by 644?
79
Calculate the remainder when 341348 is divided by 1355.
1243
What is the remainder when 134160 is divided by 5829?
93
Calculate the remainder when 26063648 is divided by 306631.
13
What is the remainder when 141526 is divided by 21?
7
What is the remainder when 15635475 is divided by 417?
60
Calculate the remainder when 520970 is divided by 173422.
704
Calculate the remainder when 436606 is divided by 719.
173
What is the remainder when 7634608 is divided by 162438?
22
What is the remainder when 937226 is divided by 4339?
2
Calculate the remainder when 271402 is divided by 7140.
82
What is the remainder when 3420533432 is divided by 51?
50
What is the remainder when 619908 is divided by 2279?
20
Calculate the remainder when 1256180 is divided by 3085.
585
Calculate the remainder when 85971610 is divided by 82665.
10
Calculate the remainder when 38819045 is divided by 1236.
1229
What is the remainder when 32106051 is divided by 10702?
51
Calculate the remainder when 232676 is divided by 530.
6
Calculate the remainder when 996879 is divided by 124590.
159
What is the remainder when 351218650 is divided by 53?
52
Calculate the remainder when 2814751 is divided by 13340.
11
Calculate the remainder when 4900606 is divided by 209.
183
What is the remainder when 2504992 is divided by 2504984?
8
What is the remainder when 37252529 is divided by 1305?
1304
Calculate the remainder when 85421525 is divided by 932.
929
Calculate the remainder when 3259400 is divided by 595.
585
Calculate the remainder when 35925894 is divided by 10010.
4
What is the remainder when 39997471 is divided by 62?
31
What is the remainder when 310128 is divided by 12906?
384
Calculate the remainder when 32225273 is divided by 2915.
2863
Calculate the remainder when 113161781 is divided by 71.
64
Calculate the remainder when 29380037 is divided by 8.
5
Calculate the remainder when 1627453 is divided by 23.
19
Calculate the remainder when 433677 is divided by 216698.
281
What is the remainder when 2707299 is divided by 930?
69
What is the remainder when 398718 is divided by 359?
228
Calculate the remainder when 62371305 is divided by 380.
5
Calculate the remainder when 4275153 is divided by 2243.
2238
Calculate the remainder when 1269897 is divided by 3735.
3732
What is the remainder when 3193170 is divided by 399141?
42
Calculate the remainder when 316476 is divided by 5456.
28
What is the remainder when 104640426 is divided by 1902?
1896
Calculate the remainder when 3996916 is divided by 8486.
10
Calculate the remainder when 409129146 is divided by 4799.
4798
Calculate the remainder when 78391 is divided by 3.
1
What is the remainder when 105799566 is divided by 28?
26
What is the remainder when 2545440 is divided by 848370?
330
Calculate the remainder when 32510875 is divided by 580551.
19
What is the remainder when 337593 is divided by 56243?
135
What is the remainder when 1341544 is divided by 63881?
43
What is the remainder when 513682999 is divided